+ -2).
0
Evaluate -2 - 1 - (-3 + (-1 - -3)).
-2
What is the value of (-3 - (-8 + 8)) + 5?
2
What is the value of (1 - 0) + -3 + 1?
-1
-2 - -8 - (-1 + -3 + 3)
7
Calculate 4 + (11 - (10 - 6)) + -5.
6
Calculate 0 + -2 - (0 + 0 + 3).
-5
What is the value of 7 + (-2 - (-8 + 8))?
5
Evaluate -6 + -1 + 4 - -1.
-2
Calculate (-2 - (0 + 10 - 8)) + 2.
-2
What is the value of (20 - -4) + -13 + -8?
3
What is the value of 4 - 5 - -1 - 1?
-1
7 - (-4 + 11 - 3)
3
What is the value of 0 + -3 + 7 + (-2 - -2)?
4
Evaluate (-5 - -1 - -4) + 4 - 2.
2
What is 7 - 7 - (-10 - -2)?
8
What is the value of (-5 - 0 - -4) + (5 - 4)?
0
What is the value of 11 + 0 + -55 + 51?
7
Calculate (-37 - -36) + (1 - 3).
-3
Evaluate 17 + -15 - (1 + 11 + 0).
-10
What is the value of 1 + -4 + 8 - (-4 + 4)?
5
Calculate (-1 - -2) + 1 + (-1 - -1).
2
Evaluate 0 + 6 + -14 + 3.
-5
What is the value of -1 + -8 - (-4 - 0)?
-5
What is -8 - ((0 + 5 - 5) + -4)?
-4
Evaluate (-1 - -2 - 5) + 11.
7
-5 + -4 + 7 + -1
-3
Calculate 6 - (9 + -6 + -3).
6
-3 + (-6 - (4 - 13))
0
What is the value of -7 + (-8 - -3 - -9)?
-3
Evaluate 3 + (2 - 1 - -3) + -10.
-3
(6 - (-4 - -6)) + 4
8
Evaluate (-15 - -14) + 7 + -2 + 1.
5
Calculate (0 - 0) + (0 - -1) + 4.
5
What is the value of 23 + -34 + (19 - -1)?
9
What is (-2 - (2 + -1)) + -1 - 1?
-5
Calculate 1 - (-8 + 2) - 6.
1
What is the value of 1 + (-11 + 1 - -4)?
-5
Evaluate -3 - (0 - (3 + -1)).
-1
Calculate (14 - 9) + (-3 - -2 - -1).
5
1 + -1 - (0 + 1 + -2)
1
What is 4 + -3 + (-2 + 4 - -2)?
5
Calculate 4 + -3 - (7 + (-7 - -6)).
-5
Evaluate -4 - (-9 - -3 - -3 - 1).
0
Evaluate -11 + (13 - 2) - (-1 - 8).
9
What is -8 - -14 - (5 + 0)?
1
Calculate 1 + 8 + (34 - 52).
-9
What is (-4 - -2) + 9 - 2?
5
-11 + (14 - 1) + -2
0
2 - (7 - (4 - 7 - -4))
-4
What is the value of 0 + -11 - -7 - (2 - 1)?
-5
What is the value of -1 - 2 - (-1 - -3)?
-5
What is (-2 - -2 - -6) + -7?
-1
What is -7 + (-6 + 2 - -8)?
-3
What is (-13 - (-42 + 28)) + (5 - 1)?
5
What is the value of (-13 - -6) + (-11 - -11)?
-7
(-3 - (-5 - -6)) + (3 - -6)
5
Evaluate 6 + -3 - -6 - 6.
3
What is (13 - 10) + 1 + 1?
5
What is -2 - (1 - (2 - -1 - 5))?
-5
What is -1 + -1 + 0 + -892 + 903?
9
Calculate 5 - (5 - 1) - -1.
2
What is 2 - (-5 + 10 + -1 + 4)?
-6
Evaluate -9 + -1 + 14 + -14.
-10
Evaluate -1 - (7 - (10 - 5)).
-3
Calculate 19 + -21 - (1 - (-1 - 0)).
-4
Evaluate -1 - -1 - (2 - 2).
0
What is -19 + 6 - -4 - (-2 + -2)?
-5
Evaluate -8 + 13 + -1 + -1 + -8.
-5
Evaluate 0 - (2 + (-1 - -1)).
-2
Evaluate 3 + -6 + 3 - (1 + -3).
2
Calculate 4 - 5 - 1 - 3.
-5
-1 - (-6 + 11 + -4 + 0)
-2
Evaluate (-8 - 0) + 3 + (0 - -4).
-1
What is the value of 3 + (-4 - (4 + -3))?
-2
(-5 - -4 - 3) + 2 + 1
-1
What is -8 - 2 - -6 - -10?
6
What is the value of (6 - 6) + 5 + -2 + 3?
6
Calculate 0 + (3 - 1) - (-6 + 6).
2
What is 0 + -4 - (-1 - 1 - -1)?
-3
What is the value of -1 + 1 - (2 - 1)?
-1
Calculate -7 + (-7 - -13) + -4 + 1.
-4
2 + -1 + (-2 - (-6 - -6))
-1
What is (13 - 1) + -14 + 10?
8
What is the value of 12 + (-11 - (-5 + 0)) - 3?
3
Evaluate (-1 - (-6 + (1 - -2))) + 4.
6
What is the value of 4 - (-4 - 0 - -3 - -8)?
-3
Evaluate -2 + -1 + (16 - 17).
-4
5 - (-2 + 8 + -3)
2
What is the value of -6 + (0 - -2) + 5?
1
Calculate (3 - (4 - (-4 - -2))) + 7.
4
Calculate 6 + -9 - (-5 + -2 + 4).
0
What is 2 + 1 + (-4 - -2) + 2?
3
What is the value of (-2 - (-22 - -18)) + 1 + 0?
3
What is the value of 6 - (0 - (-4 + -1 - -1))?
2
(-4 - -1) + -4 + 6
-1
Evaluate (-7 + 15 - 5) + (-3 - -2).
2
Calculate (-4 - 2) + -10 + 20 - 3.
1
What is 6 + -18 + 20 + -3?
5
Calculate -1 + 1 + -2 - (186 - 182).
-6
What is the value of 1 + -3 + (-3 + 4 - 5)?
-6
Evaluate (-2 - (-7 - -1)) + -7.
-3
What is the value of -44 + 47 + -1 + -6?
-4
What is -11 + 8 - (5 - 12)?
4
Calculate -2 + -9 + 6 + 9.
4
-1 - -5 - (-4 - (-1 - 4))
3
Evaluate (3 - -3) + 6 + (8 - 20).
0
What is the value of (-25 - -21) + 1 + 3?
0
What is the value of -27 - -29 - (0 + 5)?
-3
Calculate 32 + -39 + 11 + 5.
9
Evaluate -1 + 0 + 4 - (665 + -661).
-1
What is the value of 2 - (3 - (3 - (2 - 3)))?
3
What is the value of 9 - -1 - (-48 + 48)?
10
1 - -2 - -2 - (16 + -7)
-4
Calculate (1 - 4) + (-1 - (3 + -12)).
5
What is the value of 2 + -8 + (-3 - -2) - -2?
-5
Calculate -45 + 45 + 0 + (1 - 7).
-6
Calculate -4 + 3 - (-2 - 3).
4
2 + -1 + -2 + 3
2
(2 - (5 - -1)) + -36 + 39
-1
What is the value of 9 + -6 + -8 + -2 + 6?
-1
-2 - (-7 - -3 - 2)
4
Calculate 13 + (-13 - 3 - -5).
2
10 - (19 - 17 - (-2 - -1))
7
Evaluate -2 + 3 - (-12 - -11).
2
What is the value of (-3 - 2) + (0 - -3) + 3?
1
What is the value of 2 + (1 - -1) - 6?
-2
What is -2 + 3 - (-1 - 8 - -11)?
-1
Evaluate 1 + (1 - 8) + 10.
4
What is (1 - -2) + -2 + (6 - 4)?
3
What is the value of 1 + -9 + (-2 - -1 - -4)?
-5
What is the value of 1 + -5 - (3 + -4 + -5)?
2
What is the value of 1 + -3 + -6 + 2 + 0?
-6
What is the value of 0 + -6 - (50 - 51)?
-5
Calculate 1 + (0 - 1) - (-19 + 23).
-4
What is the value of 1 - -6 - (-35 - -41)?
1
2 - (-5 + 1 + 2)
4
Evaluate -6 - -3 - (-8 - -5).
0
Evaluate 12 - (1 + 7 + 5).
-1
Calculate -1 + 2 + 0 + -7 + 3.
-3
Evaluate 4 + 3 + 0 + (-60 - -61).
8
Calculate (0 + 4 - 4) + 3 + -3.
0
Evaluate 2 - (12 + -10 + (1 - -2)).
-3
What is the value of 0 - (-5 - (-2 - 8))?
-5
Evaluate -1 + 1 + 24 + -19.
5
-3 + (2 + (-2 - -3) - 5)
-5
Calculate 3 + (-1 - -3 - 3 - 5).
-3
3 + -1 + 1 + -2
1
-2 + 3 - (-1 + 7 + -2)
-3
Calculate 8 - (9 - (-4 - -2 - -7)).
4
Evaluate (1 + -1 - -4) + -9 + 9.
4
What is 2 + -7 - (-2 - -5)?
-8
(-6 - (-5 - 1)) + 2
2
What is the value of (-8 - -5 - -3) + 1?
1
What is -3 - ((11 + -4 - 4) + -6)?
0
3 + (-14 - (-10 - (1 - 8)))
-8
2 - (3 + -4 - (4 - 4))
3
(4 - 3) + -77 + 72
-4
What is 1 + (10 - 8) - -3?
6
Evaluate 12 + (-3 - 3) - 2.
4
What is (-1 - 2) + 7 + 1 + -1?
4
What is (15 - (1 + 5)) + -9?
0
What is the value of (7 - (-4 + 8)) + -8?
-5
Evaluate -1 + (-13 - -5 - -3).
-6
(-3 - 0) + -23 + 24
-2
What is the value of 0 - (3 + (-1 - -1) + -6)?
3
Evaluate 4 - 12 - -7 - (0 + -2).
1
What is the value of (0 - -3) + -5 + 2?
0
What is 5 + -4 + 3 - 5?
-1
Evaluate (-4 - -5) + 3 + -10.
-6
What is (1 - 2) + (0 - -1) - -2?
2
Evaluate -9 + 3 + -1 + 7.
0
Evaluate (-20 - -21) + (-1 - (-3 + 1)).
2
29 + -31 - (-5 - 1)
4
Calculate -1 - (0 + -1) - (31 + -26).
-5
What is the value of 3 - (5 - ((-10 - -5) + 4))?
-3
Evaluate 4 - (0 - (-2 + 3 - 1)).
4
Evaluate (-1 - 0) + (12 - 17 - -2).
-4
-10 + (8 - 1) - -8
5
What is 2 + (0 + -8 - (-67 + 58))?
3
Calculate -6 + 5 + 3 + -2 + 2.
2
3 - (5 - -2 - 0)
-4
What is the value of 6 - 0 - (0 + -6 + 8)?
4
Calculate 0 + 0 + (8 + -2 - 9).
-3
What is 3 + -4 + 4 - (-1 + 9)?
-5
What is -3 - (-9 + (0 - -3)) - 10?
-7
Evaluate 4 + -8 + 4 - -2.
2
What is the value of 4 - (5 - -3) - (6 + -3)?
-7
(-1 - 2) + (-1 - -2) + 7
5
What is the value of (1 + 2 + -2 - 6) + 1?
-4
Calculate -1 - (-7 - (-1 - -7 - 11)).
1
0 - (-5 + 6 + -4)
3
What is the value of 7 - (8 + -5 + 2)?
2
-61 + 66 - (2 + -3)
6
-2 + 6 + 6 + -7
3
What is -4 + (-5 + 4 - 3) - -4?
-4
What is the value of 0 + 2 + -5 + -2?
-5
What is the value of -8 + (7 - (-8 - -8))?
-1
Calculate (10 - (9 + 1)) + 0 + -1.
-1
6 + -13 + 6 + 2
1
What is 3 + (-3 - (-3 - -6))?
-3
-3 + -9 + 10 + (-1 - -1)
-2
(15 - 0) + (-18 - -11) + -18
-10
What is (-2 - -1) + (4 - 5 - 1)?
-3
What is the value of 15 + (-7 - 3) + 0?
5
What is 1 - (1 + 0) - (32 + -27)?
-5
Calculate (13 - 10) + (0 - 2).
1
(-4 - 1 - -7) + -8 + 1
-5
What is the value of -2 - (-1 + (2 - (1 - -4)))?
2
4 + 3 + 0 - 11 - -11
7
What is the value of 4 + (-3 - -2) + 1?
4
What is the value of -5 - (-9 - -3) - (-1 - 1)?
3
Calculate (15 - 5) + -5 - (-5 - -5).
5
What is 1 + (-4 - (-1 + -12 - -4))?
6
15 + -9 + -11 + (1 - -9)
5
Evaluate -3 - (7 + -3) - -4.
-3
What is -2 - (-6 + 4) - (6 + 0)?
-6
Calculate 4 + (3 + 3 - 3) + -6.
1
What is the value of 2 + (-1 - -1) - (3 - 3)?
2
What is 10 + -7 + (-2 - 1)?
0
Evaluate 2 + 4 + -3 + -5 + 0.
-2
What is 4 + 1 + -2 + 2?
5
-5 + (-6 - (5 - (19 + -2)))
1
(4 - 0 - -2) + (-2 - -6)
10
Calculate -5 + 18 + (-14 - -5).
4
9 - 7 - (1 + 0)
1
Calculate -3 + (10 - 7) + -1 + 5.
4
What is -1 + 2 - (-6 + 6 + 0)?
1
Calculate -4 + -1 + -11 + 14.
-2
(-2 - -4) + 0 - -2
4
What is the value of -10 - -1 - -1 - -3?
-5
What is 6 + (8 - 2) + -12?
0
Calculate 12 + (-11 - -6) + 0.
7
What is -7 - (-1 - 2 - 1)?
-3
Calculate 4 + -1 + -3 + 4.
4
